{"id":897,"date":"2024-05-14T11:45:18","date_gmt":"2024-05-14T09:45:18","guid":{"rendered":"https:\/\/lespepitesdemarlotte.com\/?post_type=product&#038;p=897"},"modified":"2025-10-26T14:17:36","modified_gmt":"2025-10-26T13:17:36","slug":"gilet-sans-manches-salsa-beige","status":"publish","type":"product","link":"https:\/\/lespepitesdemarlotte.com\/index.php\/product\/gilet-sans-manches-salsa-beige\/","title":{"rendered":"Gilet sans manches SALSA beige"},"content":{"rendered":"<div>\n<p>Le gilet sans manches SALSA beige est un nouvel incontournable de la saison.<\/p>\n<p>100% coton, coupe courte ultra tendance, ses magnifiques broderies ne laisseront personne indiff\u00e9rent.<\/p>\n<p>D\u00e9marquez-vous et affirmez votre style avec ce bol\u00e9ro r\u00e9tro aux inspirations ensoleill\u00e9es et 70&rsquo;s !<\/p>\n<p>Portez-le ouvert ou ferm\u00e9, sur un petit crop top ou sur une chemise ou encore une robe !<\/p>\n<div>\n<ul>\n<li>Gilet bol\u00e9ro sans manches<\/li>\n<li>100% coton<\/li>\n<li>Broderies<\/li>\n<li>Doubl\u00e9 100% coton<\/li>\n<\/ul>\n<p>Disponible en taille unique \u00e9quivalent taille 34 \u00e0 42<\/p>\n<p>Le mannequin mesure 1m73 et porte habituellement une taille 36.<\/p>\n<\/div>\n<\/div>\n<div>\n<h4><strong>Caract\u00e9ristiques Produit :\u00a0<\/strong><\/h4>\n<\/div>\n<div class=\"product-reference\">\n<p><strong><label class=\"label\">Composition :<\/label><\/strong><\/p>\n<div class=\"product-single__description rte\">\n<p>100% coton<\/p>\n<\/div>\n<div class=\"collapsibles-wrapper collapsibles-wrapper--border-bottom\"><span style=\"font-size: 14px;font-weight: 600\">Entretien :<\/span><\/div>\n<div class=\"collapsibles-wrapper collapsibles-wrapper--border-bottom\">Lavage \u00e0 la main recommand\u00e9 \/ lavage en machine 30\u00b0 maximum \/ Blanchiment interdit \/ Temp\u00e9rature maximale de repassage : 110 \u00b0C \/ Repasser sur l&rsquo;envers \/ Nettoyage \u00e0 sec autoris\u00e9 \/ S\u00e9chage en tambour interdit<\/div>\n<\/div>\n<div class=\"product-reference\"><strong><label class=\"label\">Pays de cr\u00e9ation :\u00a0<\/label><\/strong><\/div>\n<div>Italie<\/div>\n<div class=\"product-reference\"><strong><label class=\"label\">Made in :<\/label><\/strong><\/div>\n<div class=\"product-reference\">China<\/div>\n","protected":false},"excerpt":{"rendered":"<p>Le gilet sans manches SALSA beige est un nouvel incontournable de la saison. 100% coton, coupe courte ultra tendance, ses magnifiques broderies ne laisseront personne indiff\u00e9rent. D\u00e9marquez-vous et affirmez votre style avec ce bol\u00e9ro r\u00e9tro aux inspirations ensoleill\u00e9es et 70&rsquo;s !<\/p>\n","protected":false},"featured_media":925,"comment_status":"open","ping_status":"closed","template":"","meta":[],"product_brand":[],"product_cat":[42],"product_tag":[],"class_list":{"0":"post-897","1":"product","2":"type-product","3":"status-publish","4":"has-post-thumbnail","6":"product_cat-gilets-boleros","8":"first","9":"instock","10":"sale","11":"purchasable","12":"product-type-simple"},"aioseo_notices":[],"jetpack_sharing_enabled":true,"_links":{"self":[{"href":"https:\/\/lespepitesdemarlotte.com\/index.php\/wp-json\/wp\/v2\/product\/897","targetHints":{"allow":["GET"]}}],"collection":[{"href":"https:\/\/lespepitesdemarlotte.com\/index.php\/wp-json\/wp\/v2\/product"}],"about":[{"href":"https:\/\/lespepitesdemarlotte.com\/index.php\/wp-json\/wp\/v2\/types\/product"}],"replies":[{"embeddable":true,"href":"https:\/\/lespepitesdemarlotte.com\/index.php\/wp-json\/wp\/v2\/comments?post=897"}],"wp:featuredmedia":[{"embeddable":true,"href":"https:\/\/lespepitesdemarlotte.com\/index.php\/wp-json\/wp\/v2\/media\/925"}],"wp:attachment":[{"href":"https:\/\/lespepitesdemarlotte.com\/index.php\/wp-json\/wp\/v2\/media?parent=897"}],"wp:term":[{"taxonomy":"product_brand","embeddable":true,"href":"https:\/\/lespepitesdemarlotte.com\/index.php\/wp-json\/wp\/v2\/product_brand?post=897"},{"taxonomy":"product_cat","embeddable":true,"href":"https:\/\/lespepitesdemarlotte.com\/index.php\/wp-json\/wp\/v2\/product_cat?post=897"},{"taxonomy":"product_tag","embeddable":true,"href":"https:\/\/lespepitesdemarlotte.com\/index.php\/wp-json\/wp\/v2\/product_tag?post=897"}],"curies":[{"name":"wp","href":"https:\/\/api.w.org\/{rel}","templated":true}]}}