{"id":2265,"date":"2025-06-11T10:56:55","date_gmt":"2025-06-11T08:56:55","guid":{"rendered":"https:\/\/lespepitesdemarlotte.com\/?post_type=product&#038;p=2265"},"modified":"2025-08-17T13:08:12","modified_gmt":"2025-08-17T11:08:12","slug":"top-paco","status":"publish","type":"product","link":"https:\/\/lespepitesdemarlotte.com\/index.php\/product\/top-paco\/","title":{"rendered":"Top PACO"},"content":{"rendered":"<div>\n<p>D\u00e9couvrez le top PACO : Sans manches et subtilement raccourci, ce top 100% coton s\u2019amuse avec les proportions pour une silhouette a\u00e9rienne et affirm\u00e9e.Ce vichy \u00e0 la fois intemporel et graphique est rehauss\u00e9 d&rsquo;un imprim\u00e9 fleuri qui lui ajoute une touche de d\u00e9licatesse.\u00a0 A porter avec un jean taille haute ou en total look avec son pantalon assorti Pali !<\/p>\n<p data-start=\"110\" data-end=\"513\">&#8211; Crop top enti\u00e8rement brod\u00e9 100% coton<br \/>\n&#8211; Zip au milieu dos<br \/>\n&#8211; Encolure ronde<br \/>\n&#8211; Enti\u00e8rement doubl\u00e9<\/p>\n<p>Disponible du XS au XL.<\/p>\n<p>Le mannequin mesure 1m73 et porte une taille S, associ\u00e9 ici au short en jean SAUVEUR ou au pantalon PALI assorti.<\/p>\n<p>Mesures pour une taille S :<br \/>\n&#8211; Longueur : 46cm depuis l&rsquo;\u00e9paule<br \/>\n&#8211; Tour de poitrine : 92cm<\/p>\n<p>Comptez 1cm de plus en longueur entre chaque taille et 5cm en plus pour les tours de poitrine\/taille\/bassin.<\/p>\n<p>&nbsp;<\/p>\n<h4><strong>Caract\u00e9ristiques Produit :\u00a0<\/strong><\/h4>\n<\/div>\n<div class=\"product-reference\"><strong><label class=\"label\">Composition :<\/label><\/strong>100% coton<\/div>\n<div class=\"product-reference\"><strong><label class=\"label\">Entretien :<\/label><\/strong>Lavage en machine 30\u00b0 maximum \/ Blanchiment interdit \/ Temp\u00e9rature maximale de repassage : 110 \u00b0C \/ Nettoyage \u00e0 sec autoris\u00e9 \/ S\u00e9chage en tambour interdit \/ Laver et repasser sur l&rsquo;envers<\/div>\n<div class=\"product-reference\"><strong><label class=\"label\">Pays de cr\u00e9ation :\u00a0<\/label><\/strong><\/div>\n<div>France<\/div>\n","protected":false},"excerpt":{"rendered":"<p>D\u00e9couvrez le top PACO : Sans manches et subtilement raccourci, ce top 100% coton s\u2019amuse avec les proportions pour une silhouette a\u00e9rienne et affirm\u00e9e.Ce vichy \u00e0 la fois intemporel et graphique est rehauss\u00e9 d&rsquo;un imprim\u00e9 fleuri qui lui ajoute une touche de d\u00e9licatesse.\u00a0 A porter avec un jean taille haute ou en total look avec son pantalon assorti Pali !<\/p>\n","protected":false},"featured_media":2338,"comment_status":"open","ping_status":"closed","template":"","meta":[],"product_brand":[],"product_cat":[44,57,20],"product_tag":[31],"class_list":{"0":"post-2265","1":"product","2":"type-product","3":"status-publish","4":"has-post-thumbnail","6":"product_cat-ensembles","7":"product_cat-summer-2025","8":"product_cat-tops","9":"product_tag-design-francais","11":"first","12":"instock","13":"sale","14":"purchasable","15":"product-type-variable"},"aioseo_notices":[],"jetpack_sharing_enabled":true,"_links":{"self":[{"href":"https:\/\/lespepitesdemarlotte.com\/index.php\/wp-json\/wp\/v2\/product\/2265","targetHints":{"allow":["GET"]}}],"collection":[{"href":"https:\/\/lespepitesdemarlotte.com\/index.php\/wp-json\/wp\/v2\/product"}],"about":[{"href":"https:\/\/lespepitesdemarlotte.com\/index.php\/wp-json\/wp\/v2\/types\/product"}],"replies":[{"embeddable":true,"href":"https:\/\/lespepitesdemarlotte.com\/index.php\/wp-json\/wp\/v2\/comments?post=2265"}],"wp:featuredmedia":[{"embeddable":true,"href":"https:\/\/lespepitesdemarlotte.com\/index.php\/wp-json\/wp\/v2\/media\/2338"}],"wp:attachment":[{"href":"https:\/\/lespepitesdemarlotte.com\/index.php\/wp-json\/wp\/v2\/media?parent=2265"}],"wp:term":[{"taxonomy":"product_brand","embeddable":true,"href":"https:\/\/lespepitesdemarlotte.com\/index.php\/wp-json\/wp\/v2\/product_brand?post=2265"},{"taxonomy":"product_cat","embeddable":true,"href":"https:\/\/lespepitesdemarlotte.com\/index.php\/wp-json\/wp\/v2\/product_cat?post=2265"},{"taxonomy":"product_tag","embeddable":true,"href":"https:\/\/lespepitesdemarlotte.com\/index.php\/wp-json\/wp\/v2\/product_tag?post=2265"}],"curies":[{"name":"wp","href":"https:\/\/api.w.org\/{rel}","templated":true}]}}