{"id":2030,"date":"2025-04-16T17:02:29","date_gmt":"2025-04-16T15:02:29","guid":{"rendered":"https:\/\/lespepitesdemarlotte.com\/?post_type=product&#038;p=2030"},"modified":"2025-08-17T13:19:29","modified_gmt":"2025-08-17T11:19:29","slug":"blouse-dany","status":"publish","type":"product","link":"https:\/\/lespepitesdemarlotte.com\/index.php\/product\/blouse-dany\/","title":{"rendered":"Blouse DANY"},"content":{"rendered":"<div>\n<p>La blouse DANY est une blouse large 100% coton avec de sublimes manches bouffantes agr\u00e9ment\u00e9es de jolis boutons fa\u00e7on perles nacr\u00e9es et certies de dor\u00e9. Avec son col tunisien brod\u00e9 orange et rose, et ses dessins brod\u00e9s \u00e9galement dans le dos, la blouse DANY est toute l\u00e9g\u00e8re et parfaite au printemps comme en \u00e9t\u00e9. Sa patte de boutonnage \u00e0 l&rsquo;avant apporte une touche romantique et douce \u00e0 votre look.<\/p>\n<p>&#8211; Blouse large<br \/>\n&#8211; Manches 3\/4 bouffantes et ferm\u00e9es par de jolis boutons<br \/>\n&#8211; Col tunisien brod\u00e9<br \/>\n&#8211; Broderies dans le dos<br \/>\n&#8211; 100% voile de coton<\/p>\n<p>Disponible en taille XS\/S, S\/M et M\/L.<\/p>\n<p>Le mannequin mesure 1m73 et porte une taille XS\/S.<\/p>\n<h4><strong>Caract\u00e9ristiques Produit :\u00a0<\/strong><\/h4>\n<\/div>\n<div class=\"product-reference\"><strong><label class=\"label\">Composition :<\/label><\/strong>100% coton<\/div>\n<div class=\"product-reference\"><strong><label class=\"label\">Entretien :<\/label><\/strong>Lavage en machine 30\u00b0 maximum \/ Blanchiment interdit \/ Temp\u00e9rature maximale de repassage : 110 \u00b0C \/ Nettoyage \u00e0 sec autoris\u00e9 \/ S\u00e9chage en tambour interdit \/ Laver et repasser sur l&rsquo;envers<\/div>\n<div class=\"product-reference\"><strong><label class=\"label\">Pays de cr\u00e9ation :\u00a0<\/label><\/strong><\/div>\n<div>France<\/div>\n","protected":false},"excerpt":{"rendered":"<p>La blouse DANY est une blouse large 100% coton avec de sublimes manches bouffantes agr\u00e9ment\u00e9es de jolis boutons fa\u00e7on perles nacr\u00e9es et certies de dor\u00e9. Avec son col tunisien brod\u00e9 orange et rose, et ses dessins brod\u00e9s \u00e9galement dans le dos, la blouse DANY est toute l\u00e9g\u00e8re et parfaite au printemps comme en \u00e9t\u00e9. Sa patte de boutonnage \u00e0 l&rsquo;avant apporte une touche romantique et douce \u00e0 votre look.<\/p>\n","protected":false},"featured_media":2047,"comment_status":"open","ping_status":"closed","template":"","meta":[],"product_brand":[],"product_cat":[21,53],"product_tag":[31],"class_list":{"0":"post-2030","1":"product","2":"type-product","3":"status-publish","4":"has-post-thumbnail","6":"product_cat-chemises-blouses","7":"product_cat-collection-printemps-25","8":"product_tag-design-francais","10":"first","11":"instock","12":"sale","13":"purchasable","14":"product-type-variable"},"aioseo_notices":[],"jetpack_sharing_enabled":true,"_links":{"self":[{"href":"https:\/\/lespepitesdemarlotte.com\/index.php\/wp-json\/wp\/v2\/product\/2030","targetHints":{"allow":["GET"]}}],"collection":[{"href":"https:\/\/lespepitesdemarlotte.com\/index.php\/wp-json\/wp\/v2\/product"}],"about":[{"href":"https:\/\/lespepitesdemarlotte.com\/index.php\/wp-json\/wp\/v2\/types\/product"}],"replies":[{"embeddable":true,"href":"https:\/\/lespepitesdemarlotte.com\/index.php\/wp-json\/wp\/v2\/comments?post=2030"}],"wp:featuredmedia":[{"embeddable":true,"href":"https:\/\/lespepitesdemarlotte.com\/index.php\/wp-json\/wp\/v2\/media\/2047"}],"wp:attachment":[{"href":"https:\/\/lespepitesdemarlotte.com\/index.php\/wp-json\/wp\/v2\/media?parent=2030"}],"wp:term":[{"taxonomy":"product_brand","embeddable":true,"href":"https:\/\/lespepitesdemarlotte.com\/index.php\/wp-json\/wp\/v2\/product_brand?post=2030"},{"taxonomy":"product_cat","embeddable":true,"href":"https:\/\/lespepitesdemarlotte.com\/index.php\/wp-json\/wp\/v2\/product_cat?post=2030"},{"taxonomy":"product_tag","embeddable":true,"href":"https:\/\/lespepitesdemarlotte.com\/index.php\/wp-json\/wp\/v2\/product_tag?post=2030"}],"curies":[{"name":"wp","href":"https:\/\/api.w.org\/{rel}","templated":true}]}}