{"id":1964,"date":"2025-04-15T14:31:15","date_gmt":"2025-04-15T12:31:15","guid":{"rendered":"https:\/\/lespepitesdemarlotte.com\/?post_type=product&#038;p=1964"},"modified":"2025-09-25T07:12:48","modified_gmt":"2025-09-25T05:12:48","slug":"veste-en-jean-gigi","status":"publish","type":"product","link":"https:\/\/lespepitesdemarlotte.com\/index.php\/product\/veste-en-jean-gigi\/","title":{"rendered":"Veste en Jean GIGI"},"content":{"rendered":"<div>\n<p data-start=\"110\" data-end=\"513\">Un incontournable de votre garde-robe : la veste en jean GIGI ! Un classique revisit\u00e9 avec ses \u00e9paules fa\u00e7on ann\u00e9es 80 et ses manches amovibles ! En denim d\u00e9lav\u00e9 100% coton, la veste en jean GIGI s&rsquo;adapte \u00e0 toutes les saisons. Gr\u00e2ce \u00e0 son zip ing\u00e9nieux aux \u00e9paules, elle se transforme facilement pour s\u2019adapter aux saisons et aux envies. Au Printemps, on la porte avec ses manches, et quand vient l&rsquo;\u00e9t\u00e9, on d\u00e9zippe ses manches et on la porte comme un gilet pour structurer un look plus classique.<\/p>\n<p data-start=\"110\" data-end=\"513\">&#8211; Veste en denim 100% coton<br \/>\n&#8211; Manches amovibles<br \/>\n&#8211; Zip devant cach\u00e9 par une patte<br \/>\n&#8211; Poches plaqu\u00e9es devant<\/p>\n<\/div>\n<div>\n<p>Disponible en taille S, M, et L.<\/p>\n<p>Le mannequin mesure 1m73 et porte une taille S.<\/p>\n<p>Mesures pour une taille S :<br \/>\n&#8211; Longueur : 61cm depuis l&rsquo;\u00e9paule<br \/>\n&#8211; Tour de poitrine : 103cm<\/p>\n<p>Comptez 1,5cm de plus en longueur entre chaque taille et 7cm en plus pour les tours de poitrine\/taille\/bassin.<\/p>\n<\/div>\n<div>\n<h4><strong>Caract\u00e9ristiques Produit :\u00a0<\/strong><\/h4>\n<\/div>\n<div class=\"product-reference\">\n<p><strong><label class=\"label\">Composition :<\/label><\/strong><\/p>\n<div class=\"product-single__description rte\">\n<p>100% coton<\/p>\n<\/div>\n<div class=\"collapsibles-wrapper collapsibles-wrapper--border-bottom\"><span style=\"font-size: 14px;font-weight: 600\">Entretien :<\/span><\/div>\n<\/div>\n<div class=\"product-reference\">Lavage en machine possible \u00e0 30\u00b0 max \/ Laver avec des couleurs similaires \/ Blanchiment interdit \/ Laver et repasser sur l&rsquo;envers \/ Nettoyage \u00e0 sec autoris\u00e9 \/ S\u00e9chage en tambour interdit<\/div>\n<div>S\u00e8che-linge non conseill\u00e9 car il a tendance \u00e0 r\u00e9tr\u00e9cir la fibre. Pour la team \u201cs\u00e8che-linge sinon rien\u00a0\u00bb, utilisez un programme d\u00e9licat, privil\u00e9giez un cycle \u00e0 peu de tours par minute.<br \/>\nRepassage \u00e0 l&rsquo;envers pour \u00e9viter de lustrer la mati\u00e8re (le fer ne doit pas \u00eatre trop chaud).<\/div>\n<div><\/div>\n<div class=\"product-reference\"><strong><label class=\"label\">Pays de cr\u00e9ation :\u00a0<\/label><\/strong><\/div>\n<div>France<\/div>\n","protected":false},"excerpt":{"rendered":"<p>Un incontournable de votre garde-robe : la veste en jean GIGI ! Un classique revisit\u00e9 avec ses \u00e9paules fa\u00e7on ann\u00e9es 80 et ses manches amovibles ! En denim d\u00e9lav\u00e9 100% coton, la veste en jean GIGI s&rsquo;adapte \u00e0 toutes les saisons. Gr\u00e2ce \u00e0 son zip ing\u00e9nieux aux \u00e9paules, elle se transforme facilement pour s\u2019adapter aux saisons et aux envies. Au Printemps, on la porte avec ses manches, et quand vient l&rsquo;\u00e9t\u00e9, on d\u00e9zippe ses manches et on la porte comme un gilet pour structurer un look plus classique.<\/p>\n","protected":false},"featured_media":2007,"comment_status":"open","ping_status":"closed","template":"","meta":[],"product_brand":[],"product_cat":[53,35],"product_tag":[31],"class_list":{"0":"post-1964","1":"product","2":"type-product","3":"status-publish","4":"has-post-thumbnail","6":"product_cat-collection-printemps-25","7":"product_cat-vestes","8":"product_tag-design-francais","10":"first","11":"instock","12":"sale","13":"purchasable","14":"product-type-variable"},"aioseo_notices":[],"jetpack_sharing_enabled":true,"_links":{"self":[{"href":"https:\/\/lespepitesdemarlotte.com\/index.php\/wp-json\/wp\/v2\/product\/1964","targetHints":{"allow":["GET"]}}],"collection":[{"href":"https:\/\/lespepitesdemarlotte.com\/index.php\/wp-json\/wp\/v2\/product"}],"about":[{"href":"https:\/\/lespepitesdemarlotte.com\/index.php\/wp-json\/wp\/v2\/types\/product"}],"replies":[{"embeddable":true,"href":"https:\/\/lespepitesdemarlotte.com\/index.php\/wp-json\/wp\/v2\/comments?post=1964"}],"wp:featuredmedia":[{"embeddable":true,"href":"https:\/\/lespepitesdemarlotte.com\/index.php\/wp-json\/wp\/v2\/media\/2007"}],"wp:attachment":[{"href":"https:\/\/lespepitesdemarlotte.com\/index.php\/wp-json\/wp\/v2\/media?parent=1964"}],"wp:term":[{"taxonomy":"product_brand","embeddable":true,"href":"https:\/\/lespepitesdemarlotte.com\/index.php\/wp-json\/wp\/v2\/product_brand?post=1964"},{"taxonomy":"product_cat","embeddable":true,"href":"https:\/\/lespepitesdemarlotte.com\/index.php\/wp-json\/wp\/v2\/product_cat?post=1964"},{"taxonomy":"product_tag","embeddable":true,"href":"https:\/\/lespepitesdemarlotte.com\/index.php\/wp-json\/wp\/v2\/product_tag?post=1964"}],"curies":[{"name":"wp","href":"https:\/\/api.w.org\/{rel}","templated":true}]}}