{"id":1924,"date":"2025-04-15T11:41:56","date_gmt":"2025-04-15T09:41:56","guid":{"rendered":"https:\/\/lespepitesdemarlotte.com\/?post_type=product&#038;p=1924"},"modified":"2026-02-02T19:39:04","modified_gmt":"2026-02-02T18:39:04","slug":"top-irina","status":"publish","type":"product","link":"https:\/\/lespepitesdemarlotte.com\/index.php\/product\/top-irina\/","title":{"rendered":"Top IRINA"},"content":{"rendered":"<div>\n<p>Le top IRINA, 100% coton ray\u00e9 blanc et bleu, est un top \u00e0 noeuds sur le devant (3 petits liens ajustables) et \u00e0 manches mi-longues brod\u00e9es d&rsquo;un ruban serpentine rouge contrastant. Son col V bord\u00e9 de festons et ses petits liens apportent une touche de romantisme \u00e0 ce joli top l\u00e9ger \u00e0 la coupe originale et confortable.<\/p>\n<p>&#8211; Top 100% coton<br \/>\n&#8211; Manches mi-longues<br \/>\n&#8211; 3 petits liens \u00e0 nouer sur le devant<br \/>\n&#8211; Bords festonn\u00e9s<\/p>\n<ul>\n<li>Couleur : RAYURES BLEUES ET BLANCHES<\/li>\n<\/ul>\n<p>Disponible en taille XS\/S, S\/M, et M\/L.<\/p>\n<p>Le mannequin mesure 1m73 et porte une taille XS\/S.<\/p>\n<h4><strong>Caract\u00e9ristiques Produit :\u00a0<\/strong><\/h4>\n<\/div>\n<div class=\"product-reference\"><strong><label class=\"label\">Composition :<\/label><\/strong>100% coton<\/div>\n<div class=\"product-reference\"><strong><label class=\"label\">Entretien :<\/label><\/strong>Lavage en machine 30\u00b0 maximum \/ Blanchiment interdit \/ Temp\u00e9rature maximale de repassage : 110 \u00b0C \/ Nettoyage \u00e0 sec autoris\u00e9 \/ S\u00e9chage en tambour interdit \/ Laver et repasser sur l&rsquo;envers<\/div>\n<div class=\"product-reference\"><strong><label class=\"label\">Pays de cr\u00e9ation :\u00a0<\/label><\/strong><\/div>\n<div>France<\/div>\n","protected":false},"excerpt":{"rendered":"<p>Le top IRINA, 100% coton ray\u00e9 blanc et bleu, est un top \u00e0 noeuds sur le devant (3 petits liens ajustables) et \u00e0 manches mi-longues brod\u00e9es d&rsquo;un ruban serpentine rouge contrastant. Son col V bord\u00e9 de festons et ses petits liens apportent une touche de romantisme \u00e0 ce joli top l\u00e9ger \u00e0 la coupe originale et confortable.<\/p>\n","protected":false},"featured_media":2008,"comment_status":"open","ping_status":"closed","template":"","meta":[],"product_brand":[],"product_cat":[53,20],"product_tag":[31],"class_list":{"0":"post-1924","1":"product","2":"type-product","3":"status-publish","4":"has-post-thumbnail","6":"product_cat-collection-printemps-25","7":"product_cat-tops","8":"product_tag-design-francais","10":"first","11":"instock","12":"sale","13":"purchasable","14":"product-type-variable"},"aioseo_notices":[],"jetpack_sharing_enabled":true,"_links":{"self":[{"href":"https:\/\/lespepitesdemarlotte.com\/index.php\/wp-json\/wp\/v2\/product\/1924","targetHints":{"allow":["GET"]}}],"collection":[{"href":"https:\/\/lespepitesdemarlotte.com\/index.php\/wp-json\/wp\/v2\/product"}],"about":[{"href":"https:\/\/lespepitesdemarlotte.com\/index.php\/wp-json\/wp\/v2\/types\/product"}],"replies":[{"embeddable":true,"href":"https:\/\/lespepitesdemarlotte.com\/index.php\/wp-json\/wp\/v2\/comments?post=1924"}],"wp:featuredmedia":[{"embeddable":true,"href":"https:\/\/lespepitesdemarlotte.com\/index.php\/wp-json\/wp\/v2\/media\/2008"}],"wp:attachment":[{"href":"https:\/\/lespepitesdemarlotte.com\/index.php\/wp-json\/wp\/v2\/media?parent=1924"}],"wp:term":[{"taxonomy":"product_brand","embeddable":true,"href":"https:\/\/lespepitesdemarlotte.com\/index.php\/wp-json\/wp\/v2\/product_brand?post=1924"},{"taxonomy":"product_cat","embeddable":true,"href":"https:\/\/lespepitesdemarlotte.com\/index.php\/wp-json\/wp\/v2\/product_cat?post=1924"},{"taxonomy":"product_tag","embeddable":true,"href":"https:\/\/lespepitesdemarlotte.com\/index.php\/wp-json\/wp\/v2\/product_tag?post=1924"}],"curies":[{"name":"wp","href":"https:\/\/api.w.org\/{rel}","templated":true}]}}