{"id":1842,"date":"2025-03-03T14:12:58","date_gmt":"2025-03-03T13:12:58","guid":{"rendered":"https:\/\/lespepitesdemarlotte.com\/?post_type=product&#038;p=1842"},"modified":"2025-08-17T13:42:53","modified_gmt":"2025-08-17T11:42:53","slug":"blouse-bonnie","status":"publish","type":"product","link":"https:\/\/lespepitesdemarlotte.com\/index.php\/product\/blouse-bonnie\/","title":{"rendered":"Blouse BONNIE"},"content":{"rendered":"<div>\n<p>La blouse BONNIE cache-c\u0153ur est enti\u00e8rement brod\u00e9e, toute l\u00e9g\u00e8re et ultra-douce. L&rsquo;association du tissu rose et des broderies oranges est divine. Parfaite pour se sentir f\u00e9minine et en toute confiance, elle sublimera toutes les morphologies gr\u00e2ce \u00e0 son lien resserrable.<\/p>\n<p>&#8211; Se noue du c\u00f4t\u00e9 droit<br \/>\n&#8211; Fronces en bas de manches<br \/>\n&#8211; Larges poignets avec 3 boutons<\/p>\n<p>Disponible en taille S et M.<\/p>\n<p>Le mannequin mesure 1m73 et porte une taille S.<\/p>\n<p>Mesures de la blouse pour une taille S :<br \/>\n&#8211; Longueur : 58cm depuis l&rsquo;\u00e9paule<br \/>\n&#8211; Tour de poitrine : 97cm<\/p>\n<p>Comptez 1,5cm de plus en longueur entre chaque taille et 7cm en plus pour les tours de poitrine\/taille\/bassin.<\/p>\n<h4><strong>Caract\u00e9ristiques Produit :\u00a0<\/strong><\/h4>\n<\/div>\n<div class=\"product-reference\"><strong><label class=\"label\">Composition :<\/label><\/strong>80% Polyester 20% Coton<\/div>\n<div class=\"product-reference\"><strong><label class=\"label\">Entretien :<\/label><\/strong>Lavage en machine 30\u00b0 maximum \/ Blanchiment interdit \/ Temp\u00e9rature maximale de repassage : 110 \u00b0C \/ Nettoyage \u00e0 sec autoris\u00e9 \/ S\u00e9chage en tambour interdit \/ Laver et repasser sur l&rsquo;envers<\/div>\n<div class=\"product-reference\"><strong><label class=\"label\">Pays de cr\u00e9ation :\u00a0<\/label><\/strong><\/div>\n<div>France<\/div>\n","protected":false},"excerpt":{"rendered":"<p>La blouse BONNIE cache-c\u0153ur est enti\u00e8rement brod\u00e9e, toute l\u00e9g\u00e8re et ultra-douce. L&rsquo;association du tissu rose et des broderies oranges est divine. Parfaite pour se sentir f\u00e9minine et en toute confiance, elle sublimera toutes les morphologies gr\u00e2ce \u00e0 son lien resserrable.<\/p>\n","protected":false},"featured_media":2039,"comment_status":"open","ping_status":"closed","template":"","meta":[],"product_brand":[],"product_cat":[21,53],"product_tag":[31],"class_list":{"0":"post-1842","1":"product","2":"type-product","3":"status-publish","4":"has-post-thumbnail","6":"product_cat-chemises-blouses","7":"product_cat-collection-printemps-25","8":"product_tag-design-francais","10":"first","11":"instock","12":"sale","13":"purchasable","14":"product-type-variable"},"aioseo_notices":[],"jetpack_sharing_enabled":true,"_links":{"self":[{"href":"https:\/\/lespepitesdemarlotte.com\/index.php\/wp-json\/wp\/v2\/product\/1842","targetHints":{"allow":["GET"]}}],"collection":[{"href":"https:\/\/lespepitesdemarlotte.com\/index.php\/wp-json\/wp\/v2\/product"}],"about":[{"href":"https:\/\/lespepitesdemarlotte.com\/index.php\/wp-json\/wp\/v2\/types\/product"}],"replies":[{"embeddable":true,"href":"https:\/\/lespepitesdemarlotte.com\/index.php\/wp-json\/wp\/v2\/comments?post=1842"}],"wp:featuredmedia":[{"embeddable":true,"href":"https:\/\/lespepitesdemarlotte.com\/index.php\/wp-json\/wp\/v2\/media\/2039"}],"wp:attachment":[{"href":"https:\/\/lespepitesdemarlotte.com\/index.php\/wp-json\/wp\/v2\/media?parent=1842"}],"wp:term":[{"taxonomy":"product_brand","embeddable":true,"href":"https:\/\/lespepitesdemarlotte.com\/index.php\/wp-json\/wp\/v2\/product_brand?post=1842"},{"taxonomy":"product_cat","embeddable":true,"href":"https:\/\/lespepitesdemarlotte.com\/index.php\/wp-json\/wp\/v2\/product_cat?post=1842"},{"taxonomy":"product_tag","embeddable":true,"href":"https:\/\/lespepitesdemarlotte.com\/index.php\/wp-json\/wp\/v2\/product_tag?post=1842"}],"curies":[{"name":"wp","href":"https:\/\/api.w.org\/{rel}","templated":true}]}}