{"id":1838,"date":"2025-03-03T13:59:30","date_gmt":"2025-03-03T12:59:30","guid":{"rendered":"https:\/\/lespepitesdemarlotte.com\/?post_type=product&#038;p=1838"},"modified":"2026-04-11T18:07:48","modified_gmt":"2026-04-11T16:07:48","slug":"chemise-contis","status":"publish","type":"product","link":"https:\/\/lespepitesdemarlotte.com\/index.php\/product\/chemise-contis\/","title":{"rendered":"Chemise CONTIS"},"content":{"rendered":"<div>\n<p>La chemise CONTIS ray\u00e9e illumine votre dressing avec son jaune doux et solaire. L\u00e9g\u00e8re et fluide, son tissu naturellement respirant et sa coupe ample oversize font de la chemise CONTIS votre alli\u00e9 id\u00e9al pour les journ\u00e9es ensoleill\u00e9es. Un essentiel facile \u00e0 associer, pour un look cool et audacieux.<\/p>\n<p>&#8211; Chemise oversize<br \/>\n&#8211; Tissu l\u00e9g\u00e8rement gaufr\u00e9 en mati\u00e8re naturelle<br \/>\n&#8211; Manches 3\/4 chauve-souris<br \/>\n&#8211; Forme liquette<br \/>\n&#8211; Poignets boutonn\u00e9s avec fentes<\/p>\n<p>Disponible en taille S, M, et L.<\/p>\n<p>Le mannequin mesure 1m73 et porte une taille S.<\/p>\n<p>Mesures de la chemise pour une taille S :<br \/>\n&#8211; Longueur : 70cm depuis l&rsquo;\u00e9paule<\/p>\n<p>Comptez 1,5cm de plus en longueur entre chaque taille et 7cm en plus pour les tours de poitrine\/taille\/bassin.<\/p>\n<h4><strong>Caract\u00e9ristiques Produit :\u00a0<\/strong><\/h4>\n<\/div>\n<div class=\"product-reference\"><strong><label class=\"label\">Composition :<\/label><\/strong>75% Coton 25% Polyester<\/div>\n<div class=\"product-reference\"><strong><label class=\"label\">Entretien :<\/label><\/strong>Lavage en machine 30\u00b0 maximum \/ Blanchiment interdit \/ Temp\u00e9rature maximale de repassage : 110 \u00b0C \/ Nettoyage \u00e0 sec autoris\u00e9 \/ S\u00e9chage en tambour interdit \/ Laver et repasser sur l&rsquo;envers<\/div>\n<div class=\"product-reference\"><strong><label class=\"label\">Pays de cr\u00e9ation :\u00a0<\/label><\/strong><\/div>\n<div>France<\/div>\n","protected":false},"excerpt":{"rendered":"<p>La chemise CONTIS ray\u00e9e illumine votre dressing avec son jaune doux et solaire. L\u00e9g\u00e8re et fluide, son tissu naturellement respirant et sa coupe ample oversize font de la chemise CONTIS votre alli\u00e9 id\u00e9al pour les journ\u00e9es ensoleill\u00e9es. Un essentiel facile \u00e0 associer, pour un look cool et audacieux.<\/p>\n","protected":false},"featured_media":2053,"comment_status":"open","ping_status":"closed","template":"","meta":[],"product_brand":[],"product_cat":[21,53],"product_tag":[31],"class_list":{"0":"post-1838","1":"product","2":"type-product","3":"status-publish","4":"has-post-thumbnail","6":"product_cat-chemises-blouses","7":"product_cat-collection-printemps-25","8":"product_tag-design-francais","10":"first","11":"instock","12":"sale","13":"purchasable","14":"product-type-variable"},"aioseo_notices":[],"jetpack_sharing_enabled":true,"_links":{"self":[{"href":"https:\/\/lespepitesdemarlotte.com\/index.php\/wp-json\/wp\/v2\/product\/1838","targetHints":{"allow":["GET"]}}],"collection":[{"href":"https:\/\/lespepitesdemarlotte.com\/index.php\/wp-json\/wp\/v2\/product"}],"about":[{"href":"https:\/\/lespepitesdemarlotte.com\/index.php\/wp-json\/wp\/v2\/types\/product"}],"replies":[{"embeddable":true,"href":"https:\/\/lespepitesdemarlotte.com\/index.php\/wp-json\/wp\/v2\/comments?post=1838"}],"wp:featuredmedia":[{"embeddable":true,"href":"https:\/\/lespepitesdemarlotte.com\/index.php\/wp-json\/wp\/v2\/media\/2053"}],"wp:attachment":[{"href":"https:\/\/lespepitesdemarlotte.com\/index.php\/wp-json\/wp\/v2\/media?parent=1838"}],"wp:term":[{"taxonomy":"product_brand","embeddable":true,"href":"https:\/\/lespepitesdemarlotte.com\/index.php\/wp-json\/wp\/v2\/product_brand?post=1838"},{"taxonomy":"product_cat","embeddable":true,"href":"https:\/\/lespepitesdemarlotte.com\/index.php\/wp-json\/wp\/v2\/product_cat?post=1838"},{"taxonomy":"product_tag","embeddable":true,"href":"https:\/\/lespepitesdemarlotte.com\/index.php\/wp-json\/wp\/v2\/product_tag?post=1838"}],"curies":[{"name":"wp","href":"https:\/\/api.w.org\/{rel}","templated":true}]}}