{"id":1621,"date":"2024-11-13T16:18:32","date_gmt":"2024-11-13T15:18:32","guid":{"rendered":"https:\/\/lespepitesdemarlotte.com\/?post_type=product&#038;p=1621"},"modified":"2025-10-26T14:05:52","modified_gmt":"2025-10-26T13:05:52","slug":"pull-mandevilla-rose-bonbon","status":"publish","type":"product","link":"https:\/\/lespepitesdemarlotte.com\/index.php\/product\/pull-mandevilla-rose-bonbon\/","title":{"rendered":"Pull MANDEVILLA rose bonbon"},"content":{"rendered":"<div>\n<p>Le pull Mandevilla rose bonbon, tout doux, tout chaud et tout moelleux, est un pull \u00e0 la coupe assez large et au col montant qui fait toute sa diff\u00e9rence !<\/p>\n<p>Un pull doudou ultra confortable est r\u00e9confortant pour cet hiver !<\/p>\n<ul>\n<li>Pull large<\/li>\n<li>Col montant<\/li>\n<li>Manches longues et larges, resserr\u00e9es aux poignets<\/li>\n<\/ul>\n<p>Disponible en taille S et M.<\/p>\n<p>Disponible en trois couleurs : Rose bonbon, Rose framboise, et beige chin\u00e9.<\/p>\n<p>Taille grand.<\/p>\n<p>Le mannequin mesure 1m73 et porte une taille S.<\/p>\n<h4><strong>Caract\u00e9ristiques Produit :\u00a0<\/strong><\/h4>\n<\/div>\n<div class=\"product-reference\"><strong><label class=\"label\">Composition :<\/label><\/strong>68% Ac\u00e9tate, 12% Polyester, 11% Polyamide, 6% Laine, 3% Elasthanne<\/div>\n<div><\/div>\n<div class=\"product-reference\"><strong><label class=\"label\">Entretien :<\/label><\/strong>Lavage \u00e0 la main recommand\u00e9 \/ Laver avec des coloris similaires \/ Blanchiment interdit \/ Ne pas repasser \/ Nettoyage \u00e0 sec autoris\u00e9 \/ S\u00e9chage en tambour interdit \/ S\u00e9cher \u00e0 plat<\/div>\n<div class=\"product-reference\"><strong><label class=\"label\">Pays de cr\u00e9ation :\u00a0<\/label><\/strong><\/div>\n<div>France<\/div>\n","protected":false},"excerpt":{"rendered":"<p>Le pull Mandevilla rose bonbon, tout doux, tout chaud et tout moelleux, est un pull \u00e0 la coupe assez large et au col montant qui fait toute sa diff\u00e9rence ! Un pull doudou ultra confortable est r\u00e9confortant pour cet hiver !<\/p>\n","protected":false},"featured_media":1657,"comment_status":"open","ping_status":"closed","template":"","meta":[],"product_brand":[],"product_cat":[54],"product_tag":[31],"class_list":{"0":"post-1621","1":"product","2":"type-product","3":"status-publish","4":"has-post-thumbnail","6":"product_cat-pulls","7":"product_tag-design-francais","9":"first","10":"instock","11":"sale","12":"purchasable","13":"product-type-variable"},"aioseo_notices":[],"jetpack_sharing_enabled":true,"_links":{"self":[{"href":"https:\/\/lespepitesdemarlotte.com\/index.php\/wp-json\/wp\/v2\/product\/1621","targetHints":{"allow":["GET"]}}],"collection":[{"href":"https:\/\/lespepitesdemarlotte.com\/index.php\/wp-json\/wp\/v2\/product"}],"about":[{"href":"https:\/\/lespepitesdemarlotte.com\/index.php\/wp-json\/wp\/v2\/types\/product"}],"replies":[{"embeddable":true,"href":"https:\/\/lespepitesdemarlotte.com\/index.php\/wp-json\/wp\/v2\/comments?post=1621"}],"wp:featuredmedia":[{"embeddable":true,"href":"https:\/\/lespepitesdemarlotte.com\/index.php\/wp-json\/wp\/v2\/media\/1657"}],"wp:attachment":[{"href":"https:\/\/lespepitesdemarlotte.com\/index.php\/wp-json\/wp\/v2\/media?parent=1621"}],"wp:term":[{"taxonomy":"product_brand","embeddable":true,"href":"https:\/\/lespepitesdemarlotte.com\/index.php\/wp-json\/wp\/v2\/product_brand?post=1621"},{"taxonomy":"product_cat","embeddable":true,"href":"https:\/\/lespepitesdemarlotte.com\/index.php\/wp-json\/wp\/v2\/product_cat?post=1621"},{"taxonomy":"product_tag","embeddable":true,"href":"https:\/\/lespepitesdemarlotte.com\/index.php\/wp-json\/wp\/v2\/product_tag?post=1621"}],"curies":[{"name":"wp","href":"https:\/\/api.w.org\/{rel}","templated":true}]}}