{"id":1435,"date":"2024-11-06T16:04:31","date_gmt":"2024-11-06T15:04:31","guid":{"rendered":"https:\/\/lespepitesdemarlotte.com\/?post_type=product&#038;p=1435"},"modified":"2025-10-26T14:39:12","modified_gmt":"2025-10-26T13:39:12","slug":"pantalon-henrik-noir","status":"publish","type":"product","link":"https:\/\/lespepitesdemarlotte.com\/index.php\/product\/pantalon-henrik-noir\/","title":{"rendered":"Pantalon HENRIK noir"},"content":{"rendered":"<div>\n<p>D\u00e9couvrez le pantalon HENRIK noir et sa coupe parfaite ! Ce pantalon type costume met en valeur votre silhouette grace \u00e0 sa coupe taille haute ajust\u00e9e, et ses jambes \u00e9vas\u00e9es, cr\u00e9ant un look intemporel et flatteur. Sa mati\u00e8re respirante de haute qualit\u00e9 vous offre un confort exceptionnel tout au long de la journ\u00e9e.<\/p>\n<p>HENRIK se marie parfaitement \u00e0 une jolie chemise pour un look professionnel, et aussi \u00e0 un top plus original et tendance pour une tenue plus d\u00e9contract\u00e9e. Le pantalon HENRIK est parfait de jour comme de nuit !<\/p>\n<p>Disponible en Gris et en Noir.<\/p>\n<p>Tissu certifi\u00e9 Global Recycled Standard.<\/p>\n<ul>\n<li>Tissu fluide et respirant<\/li>\n<li>Esprit costume<\/li>\n<li>Coupe large<\/li>\n<li>Taille haute<\/li>\n<li>Deux poches lat\u00e9rales et deux poches plaqu\u00e9es \u00e0 l&rsquo;arri\u00e8re<\/li>\n<li>Fermeture par braguette zip\u00e9e + deux boutons<\/li>\n<li>Passants \u00e0 la ceinture<\/li>\n<\/ul>\n<p>Disponible en taille XS (34\/36), S (36\/38), M (38\/40), et L (40\/42).<\/p>\n<p>Taille grand.<\/p>\n<p>Le mannequin mesure 1m73 et porte une taille XS.<\/p>\n<p>(Le mannequin porte habituellement du S, prendre une taille en dessous de votre taille habituelle).<\/p>\n<blockquote><p>\u00e0 propos des certifications :<\/p>\n<p>La norme <strong>Global Recycled Standard (GRS)<\/strong> est\u00a0une norme de produit compl\u00e8te permettant de v\u00e9rifier et de suivre les mati\u00e8res premi\u00e8res recycl\u00e9es tout au long de la cha\u00eene d&rsquo;approvisionnement\u00a0. Elle comprend \u00e9galement des crit\u00e8res de traitement pour \u00e9viter l&rsquo;utilisation de produits chimiques potentiellement dangereux et v\u00e9rifie la production sociale ou environnementale positive dans les installations.<\/p><\/blockquote>\n<\/div>\n<div>\n<h4><strong>Caract\u00e9ristiques Produit :\u00a0<\/strong><\/h4>\n<\/div>\n<div class=\"product-reference\">\n<p><strong><label class=\"label\">Composition :<\/label><\/strong><\/p>\n<div class=\"product-single__description rte\">\n<p>50% Polyester recyl\u00e9, 33% Viscose, 13% Polyester, 4% Elasthanne.<\/p>\n<\/div>\n<div class=\"collapsibles-wrapper collapsibles-wrapper--border-bottom\"><span style=\"font-size: 14px; font-weight: 600;\">Entretien :<\/span><\/div>\n<\/div>\n<div class=\"product-reference\">Lavage en machine possible \u00e0 30\u00b0 maximum cycle d\u00e9licat \/ Laver avec des couleurs similaires \/ Blanchiment interdit \/ Laver et repasser sur l&rsquo;envers \/ Nettoyage \u00e0 sec autoris\u00e9 \/ S\u00e9chage en tambour interdit<\/div>\n<div class=\"product-reference\"><strong><label class=\"label\">Pays de cr\u00e9ation :\u00a0<\/label><\/strong><\/div>\n<div>Danemark<\/div>\n","protected":false},"excerpt":{"rendered":"<p>D\u00e9couvrez le pantalon HENRIK noir et sa coupe parfaite ! Ce pantalon type costume met en valeur votre silhouette grace \u00e0 sa coupe taille haute ajust\u00e9e, et ses jambes \u00e9vas\u00e9es, cr\u00e9ant un look intemporel et flatteur. HENRIK se marie parfaitement \u00e0 une jolie chemise pour un look professionnel, et aussi \u00e0 un top plus original et tendance pour une tenue plus d\u00e9contract\u00e9e. Le pantalon HENRIK est parfait de jour comme de nuit ! Disponible en Gris et en Noir.<\/p>\n","protected":false},"featured_media":1550,"comment_status":"open","ping_status":"closed","template":"","meta":[],"product_brand":[],"product_cat":[33],"product_tag":[47],"class_list":{"0":"post-1435","1":"product","2":"type-product","3":"status-publish","4":"has-post-thumbnail","6":"product_cat-pantalons-jeans","7":"product_tag-certification-grs","9":"first","10":"instock","11":"sale","12":"purchasable","13":"product-type-variable"},"aioseo_notices":[],"jetpack_sharing_enabled":true,"_links":{"self":[{"href":"https:\/\/lespepitesdemarlotte.com\/index.php\/wp-json\/wp\/v2\/product\/1435","targetHints":{"allow":["GET"]}}],"collection":[{"href":"https:\/\/lespepitesdemarlotte.com\/index.php\/wp-json\/wp\/v2\/product"}],"about":[{"href":"https:\/\/lespepitesdemarlotte.com\/index.php\/wp-json\/wp\/v2\/types\/product"}],"replies":[{"embeddable":true,"href":"https:\/\/lespepitesdemarlotte.com\/index.php\/wp-json\/wp\/v2\/comments?post=1435"}],"wp:featuredmedia":[{"embeddable":true,"href":"https:\/\/lespepitesdemarlotte.com\/index.php\/wp-json\/wp\/v2\/media\/1550"}],"wp:attachment":[{"href":"https:\/\/lespepitesdemarlotte.com\/index.php\/wp-json\/wp\/v2\/media?parent=1435"}],"wp:term":[{"taxonomy":"product_brand","embeddable":true,"href":"https:\/\/lespepitesdemarlotte.com\/index.php\/wp-json\/wp\/v2\/product_brand?post=1435"},{"taxonomy":"product_cat","embeddable":true,"href":"https:\/\/lespepitesdemarlotte.com\/index.php\/wp-json\/wp\/v2\/product_cat?post=1435"},{"taxonomy":"product_tag","embeddable":true,"href":"https:\/\/lespepitesdemarlotte.com\/index.php\/wp-json\/wp\/v2\/product_tag?post=1435"}],"curies":[{"name":"wp","href":"https:\/\/api.w.org\/{rel}","templated":true}]}}