{"id":1253,"date":"2024-09-13T12:11:51","date_gmt":"2024-09-13T10:11:51","guid":{"rendered":"https:\/\/lespepitesdemarlotte.com\/?post_type=product&#038;p=1253"},"modified":"2025-04-15T10:27:09","modified_gmt":"2025-04-15T08:27:09","slug":"gilet-sans-manches-reversible-leonardo","status":"publish","type":"product","link":"https:\/\/lespepitesdemarlotte.com\/index.php\/product\/gilet-sans-manches-reversible-leonardo\/","title":{"rendered":"Gilet sans manches r\u00e9versible LEONARDO"},"content":{"rendered":"<div>\n<p>Le gilet sans manches r\u00e9versible LEONARDO, avec son imprim\u00e9 l\u00e9opard super mignon tout doux est un nouvel incontournable de la saison.<\/p>\n<p>Compl\u00e8tement r\u00e9versible avec d&rsquo;un c\u00f4t\u00e9 un effet gilet de berger \u00ab\u00a0peau de mouton\u00a0\u00bb marron (effet daim) et \u00e9cru (effet moumoute), et de l&rsquo;autre c\u00f4t\u00e9 un imprim\u00e9 l\u00e9opard sur un tissu moumoute doux comme une peluche !<\/p>\n<p>C&rsquo;est vraiment une pi\u00e8ce cocoon par excellence.<\/p>\n<p>Il est parfait port\u00e9 sur la blouse KASSELIA, mais se porte \u00e9galement sur une chemise en jean ou un pull !<\/p>\n<div>\n<ul>\n<li>Gilet sans manches<\/li>\n<li>Tout doux<\/li>\n<li>Imprim\u00e9 l\u00e9opard<\/li>\n<\/ul>\n<p>Disponible en taille unique \u00e9quivalent taille 1 (\u00e9quivalent 34\/36\/38) et taille 2 (\u00e9quivalent 38\/40\/42)<\/p>\n<p>Le mannequin mesure 1m73 et porte une taille 1.<\/p>\n<\/div>\n<\/div>\n<div>\n<h4><strong>Caract\u00e9ristiques Produit :\u00a0<\/strong><\/h4>\n<\/div>\n<div class=\"product-reference\">\n<p><strong><label class=\"label\">Composition :<\/label><\/strong><\/p>\n<div class=\"product-single__description rte\">\n<p>100% polyester<\/p>\n<\/div>\n<div class=\"collapsibles-wrapper collapsibles-wrapper--border-bottom\"><span style=\"font-size: 14px; font-weight: 600;\">Entretien :<\/span><\/div>\n<div class=\"collapsibles-wrapper collapsibles-wrapper--border-bottom\">Lavage en machine 30\u00b0 maximum \/ Blanchiment interdit \/ Temp\u00e9rature maximale de repassage : 110 \u00b0C \/ Repassage doux \/ Nettoyage \u00e0 sec interdit \/ S\u00e9chage en tambour max 60\u00b0<\/div>\n<\/div>\n<div class=\"product-reference\"><strong><label class=\"label\">Pays de cr\u00e9ation :\u00a0<\/label><\/strong><\/div>\n<div>France<\/div>\n<div class=\"product-reference\"><strong><label class=\"label\">Made in :<\/label><\/strong><\/div>\n<div class=\"product-reference\">China<\/div>\n","protected":false},"excerpt":{"rendered":"<p>Le gilet sans manches r\u00e9versible LEONARDO, avec son imprim\u00e9 l\u00e9opard super mignon tout doux est un nouvel incontournable de la saison. Compl\u00e8tement r\u00e9versible avec d&rsquo;un c\u00f4t\u00e9 un effet gilet de berger \u00ab\u00a0peau de mouton\u00a0\u00bb et de l&rsquo;autre c\u00f4t\u00e9 un imprim\u00e9 l\u00e9opard sur un tissu moumoute doux comme une peluche !<\/p>\n","protected":false},"featured_media":1299,"comment_status":"open","ping_status":"closed","template":"","meta":[],"product_brand":[],"product_cat":[42],"product_tag":[31],"class_list":{"0":"post-1253","1":"product","2":"type-product","3":"status-publish","4":"has-post-thumbnail","6":"product_cat-gilets-boleros","7":"product_tag-design-francais","9":"first","10":"outofstock","11":"purchasable","12":"product-type-variable"},"aioseo_notices":[],"jetpack_sharing_enabled":true,"_links":{"self":[{"href":"https:\/\/lespepitesdemarlotte.com\/index.php\/wp-json\/wp\/v2\/product\/1253","targetHints":{"allow":["GET"]}}],"collection":[{"href":"https:\/\/lespepitesdemarlotte.com\/index.php\/wp-json\/wp\/v2\/product"}],"about":[{"href":"https:\/\/lespepitesdemarlotte.com\/index.php\/wp-json\/wp\/v2\/types\/product"}],"replies":[{"embeddable":true,"href":"https:\/\/lespepitesdemarlotte.com\/index.php\/wp-json\/wp\/v2\/comments?post=1253"}],"wp:featuredmedia":[{"embeddable":true,"href":"https:\/\/lespepitesdemarlotte.com\/index.php\/wp-json\/wp\/v2\/media\/1299"}],"wp:attachment":[{"href":"https:\/\/lespepitesdemarlotte.com\/index.php\/wp-json\/wp\/v2\/media?parent=1253"}],"wp:term":[{"taxonomy":"product_brand","embeddable":true,"href":"https:\/\/lespepitesdemarlotte.com\/index.php\/wp-json\/wp\/v2\/product_brand?post=1253"},{"taxonomy":"product_cat","embeddable":true,"href":"https:\/\/lespepitesdemarlotte.com\/index.php\/wp-json\/wp\/v2\/product_cat?post=1253"},{"taxonomy":"product_tag","embeddable":true,"href":"https:\/\/lespepitesdemarlotte.com\/index.php\/wp-json\/wp\/v2\/product_tag?post=1253"}],"curies":[{"name":"wp","href":"https:\/\/api.w.org\/{rel}","templated":true}]}}